t z be 2 + 0 - (-4 - -4). Suppose -z*j = -5*j - 15. List the prime factors of t(j).
2
Let f(m) = -39*m. List the prime factors of f(-9).
3, 13
Let p = -156 - -225. What are the prime factors of p?
3, 23
Suppose 0 = -f + 3*j - 0 + 17, -2*f + 34 = -j. Let c = f + -8. What are the prime factors of (-6)/4*(-66)/c?
11
What are the prime factors of 16 + (-17 + -3)/(-5)?
2, 5
Suppose 0 = -0*t + 5*t - 15. Suppose -4*k = -h + 30, 0 = -t*h - 3*k - k + 74. List the prime factors of h.
2, 13
Let q = 12 - -9. What are the prime factors of q?
3, 7
Suppose 0 = 2*w - 0*w. Suppose w = -2*s - s + 15. Suppose -3*n + 0*n = -s*p + 19, 28 = 4*p + 4*n. List the prime factors of p.
5
Let j(z) = -z**2 - 6*z. Let c be j(-6). Let v = c - 1. List the prime factors of v/2 - (-15)/2.
7
Suppose -4*g + k = 3*k + 18, 3 = -4*g - 5*k. Let y(z) = z**2 + 5*z - 6. List the prime factors of y(g).
2
Suppose 19 = -3*i + v + 4, 5*i = -v - 33. List the prime factors of 3/i*24/(-2).
2, 3
Suppose -3*h + 3*q - q = -50, 3*q = -h + 2. What are the prime factors of h?
2, 7
Let u = -29 - -45. What are the prime factors of u?
2
Suppose -2*l - 2*u = 6, 0 = -l - l - 4*u - 12. Suppose l*g - 6 = -3*g. Suppose g*y + 0*y = 6. What are the prime factors of y?
3
What are the prime factors of (-6)/(-4)*3*(-154)/(-63)?
11
Suppose 0 = 5*s - 489 + 54. List the prime factors of s.
3, 29
Suppose -53 = 4*t + 35. Let a = -14 - t. What are the prime factors of a?
2
Let x(w) = -2*w**2 + 5*w**2 - w**2. Suppose 5*y + 0*y + 2*i + 23 = 0, -2*y + 5*i = -14. List the prime factors of x(y).
2, 3
Suppose 0*t = -5*y + 2*t + 16, t + 6 = 2*y. Suppose y*x - 7 - 25 = 0. List the prime factors of x.
2
Suppose 2*x + 1432 = 6*x - 2*h, 8 = -2*h. List the prime factors of x.
2, 89
Let s = -8 + 13. Suppose s*l - 38 = 3*l. Let w = 31 - l. What are the prime factors of w?
2, 3
Suppose -2*t - 5*j - 1 = 2*t, -23 = -3*t + j. Let y = -24 + 16. List the prime factors of ((-36)/8)/(t/y).
2, 3
Suppose -4*s - 16 = 4. Let c(y) = -y + 3. List the prime factors of c(s).
2
Suppose -4*i - 164 + 1188 = 0. What are the prime factors of i?
2
Suppose q + 5 = -0*w + w, -2*q - 20 = -4*w. Suppose q = -2*c + c + 32. What are the prime factors of c?
2
Let n(d) = -d**3 + 21*d**2 + 6*d + 14. What are the prime factors of n(21)?
2, 5, 7
Suppose 0 = -4*y + 59 + 121. Suppose 5*q = 3*n - 6*n + 186, n - 4*q = y. What are the prime factors of n?
3, 19
Let f be 10 + (0 - (0 - 1)). Suppose -f*u + 9*u = -48. List the prime factors of u.
2, 3
Suppose 7 = -2*f + 15. List the prime factors of (-33)/(-5) + f/10.
7
Suppose t - 7 = -3*v + 29, v = 3*t - 58. Let y = t - 15. List the prime factors of y.
2, 3
Let x be 27/9 + (-2 - -9). Suppose -i + 3*r + 17 = 0, -i - 4*i - 4*r = x. List the prime factors of i.
2
Let c(h) = 59*h + 2. List the prime factors of c(3).
179
Let x = 4 + -6. List the prime factors of (-33)/2*x/3.
11
Suppose -5*k + 3 = -7. Suppose -k*l = -0*l + 4. Let j = 5 + l. What are the prime factors of j?
3
Suppose -2*m + 446 = 4*w, 2*m = 3*w + w + 478. List the prime factors of m.
3, 7, 11
Suppose -5*s = 5*j - 110, s - 4 = -1. List the prime factors of j.
19
Let j = 21 - -31. List the prime factors of j.
2, 13
Let h(n) = n**2 + 8*n - 11. Let k = -3 + 3. Let q be -1 - (8 + k + 1). What are the prime factors of h(q)?
3
Let h be (4 + (-3 - 0))*-11. Let u = -53 - h. Let t = -21 - u. What are the prime factors of t?
3, 7
Let c be (4 - 3)/(2/8). Suppose c*u - 7*u + 117 = 0. List the prime factors of u.
3, 13
Suppose 18*w - 3114 = -846. List the prime factors of w.
2, 3, 7
Let q be (-2)/5 - (-2)/5. Suppose -8*s = -3*s - 210. Suppose -w + 4 = 0, 3*o + 2*w - s + 1 = q. What are the prime factors of o?
11
Let r(i) = -7*i**3. Let l be r(1). Let p(v) = v**2 + 6*v + 6. Let q be p(l). What are the prime factors of (-2)/(-4)*(q + -1)?
2, 3
Let y(t) = t**2 - 2*t - 10. What are the prime factors of y(7)?
5
Let n = 247 - -52. What are the prime factors of n?
13, 23
Suppose -4*c = 4*x - 372, -3*x + 109 + 202 = -5*c. List the prime factors of x.
97
Let g = 6 - -4. What are the prime factors of 202/g + (-1)/5?
2, 5
Let d = 68 + -10. List the prime factors of d.
2, 29
Suppose 4*t - 6 = 10. Suppose -t*l + 3*l - 5*q + 51 = 0, 4*q = 5*l - 168. What are the prime factors of l?
2, 3
List the prime factors of (-40 - 3)*(1 + -2).
43
Let x(a) = 15*a. Let l = -4 - -6. Let s be x(l). List the prime factors of (s/(-8))/((-6)/16).
2, 5
Suppose -5*x + 4*x - v = 0, 0 = 4*x - 2*v - 6. What are the prime factors of x - (-7)/((-7)/(-30))?
31
Let l = -21 + 1. List the prime factors of (-136)/l - 1/(-5).
7
Let r = 123 - 64. List the prime factors of r.
59
Let v be 17/(3/(-9) + 0). Let y = -18 - v. Suppose 3*w + 3 - y = 0. List the prime factors of w.
2, 5
Let w = 681 - 473. List the prime factors of w.
2, 13
Suppose 0 = i + 7 - 11. Suppose 0 = -2*t + 3*t - 6. Suppose -t + 50 = i*p. What are the prime factors of p?
11
Suppose 3*d + 2*d - 743 = 4*v, 3*d + 5*v = 431. List the prime factors of d.
3, 7
Suppose 2*h = -4*f + 50, 4*f - h - 3*h - 32 = 0. List the prime factors of f.
11
Let t(m) = 3*m - 8. Suppose -4*u + 0 + 33 = -5*w, 4*u = -4*w + 24. What are the prime factors of t(u)?
13
Let f be 6*(4 - 9/3). What are the prime factors of 6/9 - (-122)/f?
3, 7
Suppose 0 = -o - v - 640 - 33, -3*o - 1995 = -3*v. List the prime factors of 6/27 + o/(-27).
5
Let d = 59 + -34. Let w = -24 + 41. Let n = d - w. What are the prime factors of n?
2
Suppose -4*m = 17 - 73. Let y = 25 - m. What are the prime factors of y?
11
Suppose -r - 2 = 2. Let a = r + 10. Suppose c = a + 3. List the prime factors of c.
3
Let t = 269 - 136. List the prime factors of t.
7, 19
Suppose -5*t - 4*s - 8 = -0*s, 4*s = -3*t - 8. Suppose -k + 20 = -t*k. What are the prime factors of k?
2, 5
Suppose n - 2 = -2*f, -n - 2 + 0 = 0. Suppose -6 = f*y, 5*q + 2*y = -0*q + 199. List the prime factors of q.
41
Let x(w) = 4 + 1 + w**2 + 1. Let j = -4 - -4. What are the prime factors of x(j)?
2, 3
What are the prime factors of (-1)/3 + (-338)/(-6)?
2, 7
Let l(g) = g**2 - 9*g - 13. Let n be l(10). List the prime factors of n - (-5)/(5/9).
2, 3
Suppose 14 = -5*f + 3*f. Let c = 13 + f. List the prime factors of c.
2, 3
Let r = -7 - -11. Let o = r - -29. Suppose 2*c - o = -c. List the prime factors of c.
11
Let p = -6 + 5. What are the prime factors of (4 + p + -4)*-15?
3, 5
Let d be 0/(-1)*(-3)/(-6). Suppose n + 0*n - 3 = d. Suppose 0 = k + n*p - 10, -3*p - 5 = -k - p. List the prime factors of k.
7
Let f(c) = -5*c - 11. Let s(o) = -81*o - 177. Let g(v) = -33*f(v) + 2*s(v). List the prime factors of g(6).
3
Suppose 5 = 4*z - 47. List the prime factors of z.
13
Let q(i) = i**2 + 3*i + 6. Suppose 3 + 9 = 3*o. Let z = o + -8. List the prime factors of q(z).
2, 5
Let r = -6 - -20. Suppose -2*s + 28 + r = 0. What are the prime factors of s?
3, 7
Let u(b) = b**3 - 2*b**2 + b - 2. Let f be u(2). Let j = f - -5. What are the prime factors of j?
5
Let j = 8 + -19. Let f = j - -14. What are the prime factors of f?
3
List the prime factors of (6 - 4) + 15 - -3.
2, 5
Let s(o) = -o**2 - 8*o - 5. Let k be s(-6). Suppose -5*b + k = -3. Suppose r + 15 + 9 = 3*x, -27 = -b*x - 3*r. What are the prime factors of x?
3
Suppose 2*d - 7*d = 320. List the prime factors of (-16)/(-24) + d/(-3).
2, 11
Suppose 0 = -4*o + t - 80, -3*o - 92 + 32 = -4*t. Let n = -12 - o. List the prime factors of n.
2
Let p = 7 - 5. What are the prime factors of ((-1)/p)/(4/(-64))?
2
Let h be ((-3)/(-2))/((-9)/90). Let v = 22 - h. What are the prime factors of v?
37
Let s(y) = 57*y - 23. List the prime factors of s(2).
7, 13
Let b(a) = -5*a + 3. Let h be b(3). Let q = 47 + h. Suppose -2*p + 10 = 0, -5*w - 2*p + q = -5*p. What are the prime factors of w?
2, 5
Let a(g) = g**2 - 2*g - 4. Let p be a(-4). Let b = 34 - p. Let j = -10 + b. List the prime factors of j.
2
Suppose n = -3*i + 18, -7*n - 4*i = -3*n - 48. Let o = -11 - n. Let f = -12 - o. What are the prime factors of f?
2
Let l(z) = -z - 13. Let g be l(-16). Suppose 24 = g*p - 72. What are the prime factors of p?
2
Suppose -4*v + 64 = 3*r, 3*v = 3*r + v - 94. What are the prime factors of r?
2, 7
Let r = -5 + 13. Let u = r - 5. Suppose -6*h + h = -u*n + 13, 31 = n + 5*h. List the prime factors of n.
11
Let g = 74 - 39. Let t be ((-1)/1)/(-1) 